y = -15 + 15. Let a be (y + -81)*-1 - (-7 + 4). Suppose -3*k + 3*d = -55 - 80, -2*k - d + a = 0. What is the tens digit of k?
4
Let l be (-133062)/(-21) - -10*(-3)/105. Suppose 2*v = 4*y - l, 0 = 4*y + 25*v - 28*v - 6336. What is the tens digit of y?
8
Suppose 4*j + 72 = 6*j. Let u = j + -36. Suppose -t = -4*y - 177, 2*t + u*y = y + 326. What is the tens digit of t?
6
Suppose -2*p - 4*d = -16, 0 = 4*p - 5*d + 10*d - 32. Let v be p/(-2) + 4 - -3. Let q(i) = 26*i - 9. What is the units digit of q(v)?
9
Suppose -5*g - 4*g + 936 = 0. Let a = g - -8. Suppose -32 = -3*w + a. What is the tens digit of w?
4
Let a = -212 - -318. Suppose 269 = 3*g + 2*i - a, 0 = 5*g + 5*i - 630. Let s = g - 25. What is the tens digit of s?
9
What is the hundreds digit of 9/15 + 152612/(-50)*-10?
5
Suppose -949*h + 70343620 + 2465860 = -16325345. What is the units digit of h?
5
Let q(t) = -4*t**2 + 18*t - 115. Let y be q(8). Let s = y + 511. What is the tens digit of s?
8
Let k = -62 - -67. Suppose -306 = -j - k*m, 2*m + 0 = 10. Suppose 7*c - 433 = j. What is the tens digit of c?
0
Suppose 2*b - 29 = -b - 4*d, -4*b - d = -17. Suppose -w + b*w = -5*g + 2508, 488 = g - 3*w. Suppose g = 6*j - 352. What is the units digit of j?
2
Let t(o) = -64*o**2 - 3199*o + 11. What is the hundreds digit of t(-38)?
1
Suppose -5*u - 257590 + 83662 = -3*d, 7*d + 4*u = 405879. What is the hundreds digit of d?
9
Let i = 17942 - 10558. What is the hundreds digit of i?
3
Let g = 33 + -61. Let s = g + 31. Suppose 4*b - 2*c = s*b + 39, 2*b - 78 = -5*c. What is the units digit of b?
9
Let o = -1008 - -1618. Suppose 4*r - 3*p - 2412 = -6*p, -r + p = -o. What is the units digit of r?
6
Let d be (-15)/(6/2) - (0 + -2). What is the hundreds digit of 317*(3/d)/(-1)?
3
Let i(z) = -8178*z - 4160. What is the units digit of i(-3)?
4
Let s be 1/((-112)/(-116) + -1). Let y = 29 + 17. Let n = y + s. What is the units digit of n?
7
Let z(t) be the third derivative of 7*t**4/12 - 17*t**3/2 - 30*t**2. What is the units digit of z(10)?
9
What is the thousands digit of (57/3)/(5/(-20) + 1959/7788)?
2
Let p(x) = -664*x - 120. What is the tens digit of p(-6)?
6
What is the hundreds digit of 14/(-4)*(-10084)/7?
0
Suppose -18*z + 14*z + 1604 = 0. Suppose -6*m + 1417 = -z. What is the units digit of m?
3
Suppose 0 = p + 2*p + 2*t + 131, 0 = p + 2*t + 49. Let g be 369/8 - 2/16. Let w = p + g. What is the units digit of w?
5
Let a(h) = 1503*h - 913. What is the thousands digit of a(8)?
1
Let v be ((-2)/1)/(12/(-1026)). Let z = 230 - v. What is the units digit of z?
9
Suppose -27*z + 17509 - 1903 + 83133 = 0. What is the thousands digit of z?
3
Let h = 81726 - 56951. What is the ten thousands digit of h?
2
Let v be (-126)/(-42) + -1*10. Let t(q) = -138*q - 135. What is the tens digit of t(v)?
3
Suppose -1529 = -x + 694. Suppose -17*j - x = -10519. What is the hundreds digit of j?
4
Suppose 11*k - 570 = 6*k. Suppose -3*z = 3*a - 3, 2*a + z + 4 = -3*z. Suppose k = a*j - u, -3*j + 66 = -j + 4*u. What is the units digit of j?
9
Let m(a) = -1258*a - 979. What is the thousands digit of m(-7)?
7
Let y(p) = 5*p**2 - 15*p - 28. Let h(m) = -28*m + 261. Let b be h(9). What is the units digit of y(b)?
2
Let q = -275 - -442. Let s = -9 + -77. Let w = q + s. What is the tens digit of w?
8
Let i be (11118/14)/3 - (-20)/70. Suppose -71 = -u + i. What is the units digit of u?
6
Let j = -431 - 714. Let s = j + 1696. What is the units digit of s?
1
Suppose 76*j - 85751 = 34025. What is the tens digit of j?
7
Suppose 2*b - 2948 = -2*j, 6*j = 2*b + 4*j - 2972. What is the tens digit of b?
8
Suppose -5458*i + 5441*i = -172686. What is the thousands digit of i?
0
Suppose -11*a + 41481 + 9039 = 13*a. What is the thousands digit of a?
2
Let q = -252 + 392. Let f be -8 + 12/(-1 + 4). What is the tens digit of (f - q/(-21))*(-39)/(-2)?
5
Suppose 12*t - 8*t = -400. Let n = t + 102. Suppose -3*l - n*l = -420. What is the tens digit of l?
8
Let k(v) be the third derivative of 13*v**5/60 - 5*v**4/24 - 7*v**3/2 - 5*v**2 + 2. What is the units digit of k(-8)?
1
Suppose -2*i + 3715 - 343 = s, 0 = -5*i - 25. What is the hundreds digit of s?
3
Suppose -9*b + 173212 = -11*b. What is the hundreds digit of b/(-78) - (-3)/(-18)*2?
1
Let x(m) = 10*m**3 + 7*m**2 - 11*m + 12. Let o = 351 + -347. What is the units digit of x(o)?
0
Let a(c) = -2*c + 104. Let b be a(49). What is the hundreds digit of (b/(-4))/((-1)/254)?
3
What is the tens digit of (-72 + 75)/(((-36)/(-588090))/((-4)/(-10)))?
0
Let z(l) = l**2 + 2*l - 3. Let f be z(-6). Let m = f - -50. What is the units digit of m/2 - 7/(-14)?
6
Suppose 19*m = 9*m + 15360. Suppose 0 = 110*t - 107*t - m. What is the hundreds digit of t?
5
Let i be 583 - (-1)/(1 + 0/(-4)). Suppose 2*l = -2*h + 5*l + i, 5*h + 3*l - 1502 = 0. Let p = h - 211. What is the tens digit of p?
8
Suppose 3*t - b - 11668 = 0, 4*t - 54*b = -55*b + 15548. What is the hundreds digit of t?
8
Suppose 22*t - 19*t + 2*s - 41141 = 0, -2*s - 4 = 0. What is the ten thousands digit of t?
1
Let y(f) = -f**2 + 15 - 10 + 0*f**2 - 6*f + 14. Let u be y(-13). Let n = -41 - u. What is the tens digit of n?
3
Let n = -29214 + 107122. What is the units digit of n?
8
What is the units digit of ((4 - -1) + -1)*(-12058150)/(-1352)?
5
Let x(r) = r**3 + 15*r**2 + 27*r + 16. Suppose 0 = 10*z - 2*z + 104. Let i be x(z). What is the units digit of (i - 7)/8*-74?
7
Let h(u) be the first derivative of u**4/12 - u**3/3 - 8*u - 10. Let p(c) be the first derivative of h(c). What is the units digit of p(-2)?
8
Suppose -12*o = -11*o + 5*a - 16, 0 = 3*o - 4*a + 9. What is the hundreds digit of -2 - (2 - 5/o) - -382?
3
Suppose -178 - 152 = -2*y. Suppose 4*z - z + 4*i = -y, -z - 5*i - 55 = 0. Let v = -7 - z. What is the units digit of v?
8
Let h(f) = f**3 - 10*f**2 - 67*f + 1. What is the tens digit of h(26)?
7
What is the thousands digit of (13 - 11)/((-5)/((-731885)/7))?
1
Let x(a) be the second derivative of 8*a**3/3 - 19*a**2/2 - a. Let o = 587 + -578. What is the hundreds digit of x(o)?
1
Suppose 0 = 4*y + 2*n - 88, 3*y - 4*y + n + 19 = 0. Suppose 18*u - y*u = -66. What is the tens digit of u?
2
Suppose 0 = 13*v - 3599 - 2940. Let o = -203 + v. Suppose 0 = 34*w - 39*w + o. What is the tens digit of w?
6
Let f(q) be the third derivative of -q**6/120 - q**5/5 - 17*q**4/24 + 25*q**3/6 - 75*q**2. What is the hundreds digit of f(-13)?
4
Let r(k) = -2*k**2 - 23*k + 32. Let j be r(-14). Let o = j - -40. What is the units digit of o?
2
Suppose -62*z + 44*z = -208476. What is the ten thousands digit of z?
1
Suppose -169*h - 12 = -172*h. What is the tens digit of 2 - (6 + (8 - h))*-5?
5
Suppose 0 = -30*q - 82*q + 166243 + 259805. What is the tens digit of q?
0
Let l(i) = -4*i**3 - 67*i**2 + 92*i - 97. Let f(d) = 3*d**3 + 45*d**2 - 61*d + 65. Let u(c) = 7*f(c) + 5*l(c). What is the hundreds digit of u(19)?
2
Suppose -38*c = -32*c - 12. What is the units digit of (-4)/((c + 1305/(-650))*1)?
0
Suppose 5*l - 75 = 3*h + 9, h + 2*l + 17 = 0. Let t = h + 22. What is the hundreds digit of 99 - 3*t/((-9)/(-12))?
1
Let u(f) = 1969*f - 1596. What is the units digit of u(18)?
6
What is the hundreds digit of (4 - (-8530)/(-30))/(-3 - (-124)/42)?
8
Let o(i) = i**2 + 39*i - 24. Let y be o(19). Suppose -2970 = -11*v + y. What is the tens digit of v?
6
Let d = -116 - -99. Let x(j) = -28*j + 36. What is the units digit of x(d)?
2
Let x(m) = -m**3 + 7*m**2 + 9*m - 6. Let g be x(8). Suppose i + 1737 = 4*q + g*i, 5*q - 4*i - 2166 = 0. What is the tens digit of q?
3
Suppose -4*k = f - 13, -f = 81*k - 86*k + 14. What is the hundreds digit of (-70)/63 + f - (-8605)/9?
9
Let j = 7725 + 463. What is the hundreds digit of j?
1
Let f(y) = -2*y**3 - 2*y**2 + 26*y + 199. What is the ten thousands digit of f(-29)?
4
Let k(c) = -12591*c + 78. What is the units digit of k(-4)?
2
Suppose 2*y - 16 = 4*b, -10*y + 7*y + 5*b = -23. Suppose o = -f + 506, 2529 = 5*o + y*f - 2*f. What is the hundreds digit of o?
5
Let a(j) = -15*j - 3. Let l be a(-3). Let g(p) = -240*p - 3243. Let h be g(-14). Let m = h - l. What is the units digit of m?
5
Let a = 2837 + 2592. What is the thousands digit of a?
5
Suppose -11 = -2*h + 1. Let b be (h/4)/(6/20). Suppose 0*l - 2*l = -8, -b*p + 663 = -3*l. What is the units digit of p?
5
What i